*3 - 11 + 0*z + 17*z**2 + 0*z. Let i be j(n). Calculate the highest common divisor of 5 and i.
5
Let i(t) = -17*t**2 - 752*t - 137. Let x be i(-44). What is the greatest common divisor of 6513 and x?
39
Let g(m) = -4*m**3 + 37*m**2 - 3*m - 44. Let t be g(9). What is the highest common factor of 4160 and t?
10
Let u be (1 + 1/2)/((-195)/(-2990)). Let f = 435 - 251. What is the highest common factor of u and f?
23
Suppose 23*w - 7236 = -53*w + 9*w. Let d(y) = -2*y + 8. Let t be d(-8). Calculate the greatest common factor of w and t.
12
Let n(g) be the third derivative of g**4/24 - 3*g**3/2 + 10*g**2. Let d be n(9). Suppose -4*a = -d*a - 4. Calculate the highest common divisor of a and 11.
1
Let r(s) be the third derivative of 0 + 0*s - 1/3*s**4 + 10/3*s**3 + 5*s**2 + 1/60*s**5. Let t be r(8). What is the highest common divisor of t and 10?
10
Let a be 173 + 3 + 0*(-4)/16. Calculate the greatest common divisor of a and 1628.
44
Suppose -t + 14 = 5*o - 11, 0 = 5*o + 3*t - 35. What is the highest common factor of 2048 and o?
4
Suppose -3*u - 2*p + 22 = 0, 5*u - 5*p = 2*u + 29. Let q be (u/8)/((-1)/(-10)). Calculate the greatest common divisor of 340 and q.
10
Let b(q) = -q**2 - 19*q - 58. Let k be b(-15). Suppose k*x - 5*x - 330 = 0. Let w = 114 + x. Calculate the highest common divisor of 60 and w.
4
Suppose -216*z + 38*z + 157352 = 0. What is the highest common divisor of z and 51?
17
Suppose 43 = 3*d + 2*g - g, 0 = -4*d + 5*g + 70. Suppose -2001 = -21*x - 6. Calculate the highest common divisor of d and x.
5
Let g be 14/(2 - (-48)/(-26)). Let s be (-1896)/(-7) + (-3750)/(-1750). Calculate the greatest common factor of s and g.
91
Let i(k) = k**3 - 8*k**2 - 13*k + 719. Let z be i(16). What is the highest common factor of z and 3?
3
Suppose 3*x + 3841 = 4696. Suppose 24*f - 13*f = 1045. What is the highest common factor of x and f?
95
Suppose 2*r + 222 - 516 = -232. What is the greatest common factor of 18166 and r?
31
Let q be (-398)/(-22) - (162/(-33) - (-64 - -59)). Calculate the highest common divisor of 918 and q.
18
Let s = 382 - 295. What is the highest common divisor of s and 4089?
87
Let w = -15 + 18. Suppose v - 5 = -w. Suppose 5*o - 9 = -q, -v*o - 50 = -2*q - 4*o. What is the highest common divisor of 29 and q?
29
Let m = 155 + -146. Let p(f) = -f**3 + 10*f**2 + 3*f + 18. Let a be p(m). Calculate the highest common factor of 18 and a.
18
Let d(a) = -50*a**3 + 8*a**2 + 8*a + 24. Let i be d(-4). Calculate the greatest common divisor of i and 1494.
166
Let b(a) = -96*a - 3344. Let n be b(-35). Calculate the greatest common factor of 7664 and n.
16
Let a be (2/(-18))/((-6)/(-414))*-1371. Calculate the greatest common factor of a and 23.
23
Let m(a) = -32 + 0*a**2 - a**2 + 145 + 471 + 7*a - 12. Let q be m(0). What is the highest common divisor of 52 and q?
52
Let u = -15976 + 15998. Calculate the highest common divisor of 154 and u.
22
Suppose 11786*t - 155268 = 11768*t. Calculate the highest common divisor of t and 57.
19
Let r(t) be the second derivative of -t**5/20 + 13*t**4/12 - 5*t**3/6 - 4*t**2 + 2*t + 3. Let x be r(10). What is the highest common divisor of x and 22?
22
Let l = 677 - -219. Calculate the highest common factor of l and 308.
28
Let q(j) = j**2 + 19*j - 594. Let k be q(18). Calculate the greatest common factor of 80 and k.
8
Suppose 3871*l - 3851*l = 500. Calculate the highest common factor of 975 and l.
25
Let f(x) = -49*x - 62. Let w be f(-2). What is the highest common factor of 44 and w?
4
Suppose -2*b - 337 = 7. Let j = b + 277. Suppose 10*h - 249 - 171 = 0. Calculate the greatest common factor of h and j.
21
Suppose -149*k + 5496 - 1473 = 0. What is the greatest common divisor of k and 2628?
9
Suppose -10*o + 5*o = 20. Let b be (14/o)/(150/(-36) - -4). Suppose -3*z = -8 - 13. Calculate the highest common factor of z and b.
7
Let d(c) = 754*c - 2217. Let p be d(3). Calculate the greatest common factor of p and 1770.
15
Let f(b) = 3*b**2 + 2*b - 1. Let y be f(3). Let n = 45 - y. Let g = -40335 + 40348. What is the greatest common divisor of n and g?
13
Suppose 291*m - 726510 = 169*m + 863760. What is the highest common divisor of 99 and m?
33
Let a(f) be the third derivative of 11*f**4/24 + 125*f**3/6 + 118*f**2. Let n be a(8). What is the greatest common divisor of 355 and n?
71
Let z(a) = 4*a**3 + 115*a**2 - 750*a - 15. Let l be z(7). What is the greatest common factor of l and 938?
134
Let p(w) = w**3 - 3*w**2 + w - 8. Let c be p(3). Let j be (-4 + (-18)/c)*(80 + 0). Let h be j/(-56) - 30/(-21). What is the highest common factor of 4 and h?
2
Let j(m) = -42*m**2 + 22*m + 10. Let x be j(6). Let w = -866 - x. Calculate the greatest common divisor of w and 7.
7
Let t(f) = f**3 - 19*f**2 + 29*f - 37. Let v be t(17). Let o = -44 - v. Calculate the greatest common divisor of o and 12.
6
Suppose -23 + 86 = 3*p. Let t = -383 + 385. Suppose 0 = -t*n + 8*i - 5*i + 90, 3*i + 48 = n. What is the greatest common factor of n and p?
21
Let c(z) = 11*z - 1. Let p(t) = 45*t - 5. Let k(d) = 9*c(d) - 2*p(d). Let v be k(3). What is the highest common factor of v and 63?
7
Suppose 5*l - 25 = -5. Let k(f) = 354*f + 64432. Let n be k(-182). What is the highest common divisor of n and l?
4
Let q = 382 - 387. Let m = 1 - 1. Let a = m - q. Calculate the greatest common factor of a and 20.
5
Suppose 4*a - 62792 = -405*q + 402*q, -q = 10*a - 21000. What is the highest common divisor of 40 and q?
40
Let b = 100 + -83. Let o(d) = 97*d + 650. Let w be o(-6). Calculate the greatest common divisor of w and b.
17
Let f(p) = p**2 + 77*p + 348. Let i be f(-83). Calculate the highest common factor of 752 and i.
94
Let h be (-20)/(-15) - (8/(-6))/2. Suppose 0 = d - h*d + 13. Calculate the highest common divisor of d and 65.
13
Suppose 458*s - 461*s = -384. Calculate the greatest common divisor of s and 100.
4
Let l be -5 - (5 + -5) - 93*-2. Suppose 7*k - 4*k - l = 4*i, -k - i + 51 = 0. Calculate the greatest common divisor of 440 and k.
55
Let n(w) = w**3 - 7*w**2 + 13. Let j be n(7). Suppose -j*r = 42 - 276. Let s be (-210)/(-45)*r/4. Calculate the highest common divisor of s and 3.
3
Suppose -29*y + 953190 = 29*y - 16*y. What is the highest common divisor of y and 85?
85
Let g be -158 + 2 + 10 - 2/(-1). Let v = g + 309. What is the highest common divisor of v and 15?
15
Suppose 120*k - 92*k = 2212. What is the greatest common divisor of 3239 and k?
79
Let s(k) = 3*k**2 - 4*k - 189. Let n(u) = -4*u**2 + 3*u + 190. Let z(h) = -2*n(h) - 3*s(h). Let a be z(15). What is the greatest common divisor of 4 and a?
4
Let h = 22 + 34. Let u = -27 + 29. Suppose 5*f - 6*m = -m + 135, 110 = 4*f - u*m. Calculate the highest common divisor of h and f.
28
Let b(t) = 2*t**2 - 2*t - 8. Suppose 3*q - 17 - 1 = 0. Let i be b(q). Calculate the greatest common divisor of 26 and i.
26
Suppose 4*u = 88 + 808. Let m be -8*(165/20 - 10). Calculate the highest common divisor of m and u.
14
Let g be 670 + (1 - (-66)/6). What is the greatest common factor of g and 124?
62
Let p(a) = -a**3 + 72*a**2 - 3*a + 301. Let n be p(72). What is the greatest common divisor of 50 and n?
5
Suppose -5*o + 27 = d, 4*o - 3*o = 4*d - 3. Suppose o*z = 64 + 6. Let q = -2921 + 2991. Calculate the greatest common divisor of z and q.
14
Let h(c) = 0 + c**2 - 6*c - 11 - 2*c. Let y = -1193 - -1190. Let g be h(y). Calculate the highest common divisor of g and 2.
2
Suppose 0 = -47*b + 10*b + 148. Let u be b - (9 - (-240)/(-6)). What is the highest common divisor of 28 and u?
7
Let j = 53 - 23. Let c be 8/4*2637/18. Let r = -248 + c. Calculate the highest common factor of r and j.
15
Let i = 190 - 190. Suppose 5*z + 2*o - 86 = i, -3*o + 0*o - 71 = -5*z. Calculate the highest common factor of z and 4.
4
Let o(b) = 2*b**2 + 24*b - 233. Let p be o(-19). Let a = 8 - 6. Suppose -3*t + 74 = 3*f + 2*t, -4*f = a*t - 122. Calculate the highest common factor of f and p.
33
Let g be 652/10 - (-1386)/(-630). Calculate the highest common factor of g and 4494.
21
Let n = 17 - -25. Suppose 0 = -3*u - 4*k - 18 + 53, 2*u - 20 = -2*k. Suppose u*d = 308 + 742. Calculate the highest common factor of n and d.
42
Let y be -28*((-6)/24 - -5). Let x = y + 135. Let r be (-8)/(-10)*(-30)/(-4). What is the highest common factor o